{"id":1164,"date":"2023-11-16T18:06:24","date_gmt":"2023-11-16T17:06:24","guid":{"rendered":"https:\/\/apsfcongo.com\/?page_id=1164"},"modified":"2023-11-16T18:22:14","modified_gmt":"2023-11-16T17:22:14","slug":"sante-2","status":"publish","type":"page","link":"https:\/\/apsfcongo.com\/index.php\/sante-2\/","title":{"rendered":"Sant\u00e9"},"content":{"rendered":"\t\t<div data-elementor-type=\"wp-page\" data-elementor-id=\"1164\" class=\"elementor elementor-1164\">\n\t\t\t\t\t\t\t\t\t<section class=\"elementor-section elementor-top-section elementor-element elementor-element-16wdfv6 elementor-section-full_width elementor-section-height-default elementor-section-height-default\" data-id=\"16wdfv6\" data-element_type=\"section\" data-settings=\"{&quot;background_background&quot;:&quot;classic&quot;}\">\n\t\t\t\t\t\t<div class=\"elementor-container elementor-column-gap-no\">\n\t\t\t\t\t<div class=\"elementor-column elementor-col-100 elementor-top-column elementor-element elementor-element-5ffd739\" data-id=\"5ffd739\" data-element_type=\"column\">\n\t\t\t<div class=\"elementor-widget-wrap elementor-element-populated\">\n\t\t\t\t\t\t\t\t<div class=\"elementor-element elementor-element-db39ed2 elementor-widget elementor-widget-image\" data-id=\"db39ed2\" data-element_type=\"widget\" data-widget_type=\"image.default\">\n\t\t\t\t<div class=\"elementor-widget-container\">\n\t\t\t<style>\/*! elementor - v3.12.2 - 23-04-2023 *\/\n.elementor-widget-image{text-align:center}.elementor-widget-image a{display:inline-block}.elementor-widget-image a img[src$=\".svg\"]{width:48px}.elementor-widget-image img{vertical-align:middle;display:inline-block}<\/style>\t\t\t\t\t\t\t\t\t\t\t\t<img decoding=\"async\" src=\"https:\/\/apsfcongo.com\/wp-content\/uploads\/elementor\/thumbs\/WhatsApp-Image-2023-11-09-at-15.54.31-2-qf45korh8douo5ygaddjysh3f9ldj4j8rx9o2ksknc.jpeg\" title=\"WhatsApp Image 2023-11-09 at 15.54.31 (2)\" alt=\"WhatsApp Image 2023-11-09 at 15.54.31 (2)\" loading=\"lazy\" \/>\t\t\t\t\t\t\t\t\t\t\t\t\t\t\t<\/div>\n\t\t\t\t<\/div>\n\t\t\t\t<section class=\"elementor-section elementor-inner-section elementor-element elementor-element-e07b74c elementor-section-boxed elementor-section-height-default elementor-section-height-default\" data-id=\"e07b74c\" data-element_type=\"section\">\n\t\t\t\t\t\t<div class=\"elementor-container elementor-column-gap-no\">\n\t\t\t\t\t<div class=\"elementor-column elementor-col-100 elementor-inner-column elementor-element elementor-element-2e93442\" data-id=\"2e93442\" data-element_type=\"column\">\n\t\t\t<div class=\"elementor-widget-wrap elementor-element-populated\">\n\t\t\t\t\t\t\t\t<div class=\"elementor-element elementor-element-d5dc303 elementor-widget elementor-widget-heading\" data-id=\"d5dc303\" data-element_type=\"widget\" data-widget_type=\"heading.default\">\n\t\t\t\t<div class=\"elementor-widget-container\">\n\t\t\t<style>\/*! elementor - v3.12.2 - 23-04-2023 *\/\n.elementor-heading-title{padding:0;margin:0;line-height:1}.elementor-widget-heading .elementor-heading-title[class*=elementor-size-]>a{color:inherit;font-size:inherit;line-height:inherit}.elementor-widget-heading .elementor-heading-title.elementor-size-small{font-size:15px}.elementor-widget-heading .elementor-heading-title.elementor-size-medium{font-size:19px}.elementor-widget-heading .elementor-heading-title.elementor-size-large{font-size:29px}.elementor-widget-heading .elementor-heading-title.elementor-size-xl{font-size:39px}.elementor-widget-heading .elementor-heading-title.elementor-size-xxl{font-size:59px}<\/style><h1 class=\"elementor-heading-title elementor-size-default\">Secteur de la sant\u00e9<\/h1>\t\t<\/div>\n\t\t\t\t<\/div>\n\t\t\t\t\t<\/div>\n\t\t<\/div>\n\t\t\t\t\t\t\t<\/div>\n\t\t<\/section>\n\t\t\t\t\t<\/div>\n\t\t<\/div>\n\t\t\t\t\t\t\t<\/div>\n\t\t<\/section>\n\t\t\t\t<section class=\"elementor-section elementor-top-section elementor-element elementor-element-c8459bd elementor-section-boxed elementor-section-height-default elementor-section-height-default\" data-id=\"c8459bd\" data-element_type=\"section\">\n\t\t\t\t\t\t<div class=\"elementor-container elementor-column-gap-default\">\n\t\t\t\t\t<div class=\"elementor-column elementor-col-100 elementor-top-column elementor-element elementor-element-2ba8f80\" data-id=\"2ba8f80\" data-element_type=\"column\">\n\t\t\t<div class=\"elementor-widget-wrap elementor-element-populated\">\n\t\t\t\t\t\t\t\t<div class=\"elementor-element elementor-element-3473708 elementor-widget elementor-widget-text-editor\" data-id=\"3473708\" data-element_type=\"widget\" data-widget_type=\"text-editor.default\">\n\t\t\t\t<div class=\"elementor-widget-container\">\n\t\t\t<style>\/*! elementor - v3.12.2 - 23-04-2023 *\/\n.elementor-widget-text-editor.elementor-drop-cap-view-stacked .elementor-drop-cap{background-color:#69727d;color:#fff}.elementor-widget-text-editor.elementor-drop-cap-view-framed .elementor-drop-cap{color:#69727d;border:3px solid;background-color:transparent}.elementor-widget-text-editor:not(.elementor-drop-cap-view-default) .elementor-drop-cap{margin-top:8px}.elementor-widget-text-editor:not(.elementor-drop-cap-view-default) .elementor-drop-cap-letter{width:1em;height:1em}.elementor-widget-text-editor .elementor-drop-cap{float:left;text-align:center;line-height:1;font-size:50px}.elementor-widget-text-editor .elementor-drop-cap-letter{display:inline-block}<\/style>\t\t\t\t<p><b>Probl\u00e9matique<\/b><\/p>\n<p><span style=\"font-weight: 400;\">La situation sanitaire de la R\u00e9publique du Congo est marqu\u00e9e par un niveau \u00e9lev\u00e9 de morbidit\u00e9 et de mortalit\u00e9. Le rapport de 2021 de l\u2019Organisation Mondiale de la Sant\u00e9 (OMS) estime que les probabilit\u00e9s de d\u00e9c\u00e9der avant 40 et 60 ans se situent respectivement \u00e0 33,6% et \u00e0 59,9%. Ces taux d\u00e9sastreux, d&#8217;apr\u00e8s le m\u00eame rapport, sont attribu\u00e9s aux maladies transmissibles infectieuses, virales et parasitaires, mais aussi \u00e0 la forte mont\u00e9e des maladies non transmissibles telles que l\u2019hypertension art\u00e9rielle, les accidents vasculaires c\u00e9r\u00e9braux, le diab\u00e8te et les cancers.&nbsp;<\/span><\/p>\n<p><span style=\"font-weight: 400;\">L\u2019un des moyens efficaces pour changer cette donne consiste \u00e0 se concentrer sur la r\u00e9duction des facteurs \u00e0 risque associ\u00e9s \u00e0 ces maladies. L\u2019\u00e9ducation et la sensibilisation de la population sur les risques facteurs de ces maladies, la vulgarisation des informations sanitaires fiables pour la pr\u00e9vention, la promotion d\u2019un mode vie sain ainsi que l&#8217;acc\u00e8s \u00e0 des soins de sant\u00e9 abordables.&nbsp;<\/span><\/p>\n<p><span style=\"font-weight: 400;\">L\u2019APSF entend apporter sa pierre \u00e0 l&#8217;\u00e9difice pour contribuer \u00e0 combler l&#8217;immensit\u00e9 des besoins et la complexit\u00e9 des d\u00e9fis pos\u00e9s par la situation actuelle de l&#8217;\u00e9tat sanitaire du Congo \u00e0 travers la mission ci-apr\u00e8s.&nbsp;<\/span><\/p>\n<p><b>Mission&nbsp;<\/b><\/p>\n<p><span style=\"font-size: 14px; font-weight: 400;\">L\u2019APSF se donne comme mission de :&nbsp;<\/span><\/p>\n<ul>\n<li style=\"font-weight: 400;\" aria-level=\"1\"><span style=\"font-weight: 400;\">&nbsp;vulgariser des informations sanitaires fiables ;<\/span><\/li>\n<li style=\"font-weight: 400;\" aria-level=\"1\"><span style=\"font-weight: 400;\">faciliter et contribuer \u00e0 l&#8217;acc\u00e8s aux soins de sant\u00e9 de qualit\u00e9.<\/span><\/li>\n<\/ul>\n<p><span style=\"font-weight: 400;\">Pour y parvenir, l\u2019APSF poursuit les objectifs suivants :&nbsp;<\/span><\/p>\n<p><b>Objectifs&nbsp;<\/b><\/p>\n<ul>\n<li style=\"font-weight: 400;\" aria-level=\"1\"><span style=\"font-weight: 400;\">Sensibiliser les populations sur les maladies et les probl\u00e9matiques de sant\u00e9 publique ;<\/span><\/li>\n<li style=\"font-weight: 400;\" aria-level=\"1\"><span style=\"font-weight: 400;\">&nbsp;Appuyer la prise en charge socio-sanitaire des populations vuln\u00e9rables ainsi que le plaidoyer&nbsp; pour le respect du droit \u00e0 la sant\u00e9 pour tous.<\/span><\/li>\n<\/ul>\n<p><span style=\"font-weight: 400;\">L\u2019APSF r\u00e9alise ses objectifs \u00e0 travers les actions ci-dessous&nbsp;:<\/span><\/p>\n<p><b>Actions<\/b><span style=\"font-weight: 400;\">&nbsp;<\/span><\/p>\n<p><span style=\"font-weight: 400;\">L\u2019APSF s&#8217;appuie sur les th\u00e9matiques des journ\u00e9es internationales de sant\u00e9 pour organiser&nbsp;:&nbsp;<\/span><\/p>\n<ul>\n<li style=\"font-weight: 400;\" aria-level=\"1\"><span style=\"font-weight: 400;\">Des ateliers de sensibilisation dans les \u00e9coles, les march\u00e9s, les \u00e9glises et autres pour atteindre les communaut\u00e9s locales\u202f;&nbsp;&nbsp;<\/span><\/li>\n<li style=\"font-weight: 400;\" aria-level=\"1\"><span style=\"font-weight: 400;\">La distribution des brochures d\u2019information lors des campagnes de sensibilisation ;<\/span><\/li>\n<li style=\"font-weight: 400;\" aria-level=\"1\"><span style=\"font-weight: 400;\">Des \u00e9missions th\u00e9matiques \u00e0 travers tous les canaux de communication\u202f;<\/span><\/li>\n<li style=\"font-weight: 400;\" aria-level=\"1\"><span style=\"font-weight: 400;\">Des consultations et d\u00e9pistages gratuits gr\u00e2ce \u00e0 des partenariats \u00e9tablis avec des m\u00e9decins et dentistes locaux.&nbsp;&nbsp;<\/span><\/li>\n<\/ul>\n<p><span style=\"font-weight: 400;\">&nbsp;<\/span><\/p>\n<p><span style=\"font-weight: 400;\">L\u2019APSF a \u00e9galement des projets \u00e0 long terme qui se focalisent sur l&#8217;acc\u00e8s aux soins dentaires abordables<\/span><\/p>\t\t\t\t\t\t<\/div>\n\t\t\t\t<\/div>\n\t\t\t\t\t<\/div>\n\t\t<\/div>\n\t\t\t\t\t\t\t<\/div>\n\t\t<\/section>\n\t\t\t\t\t\t\t<\/div>\n\t\t","protected":false},"excerpt":{"rendered":"<p>Secteur de la sant\u00e9 Probl\u00e9matique La situation sanitaire de la R\u00e9publique du Congo est marqu\u00e9e par un niveau \u00e9lev\u00e9 de morbidit\u00e9 et de mortalit\u00e9. Le rapport de 2021 de l\u2019Organisation Mondiale de la Sant\u00e9 (OMS) estime que les probabilit\u00e9s de d\u00e9c\u00e9der avant 40 et 60 ans se situent respectivement \u00e0 33,6% et \u00e0 59,9%. Ces [&hellip;]<\/p>\n","protected":false},"author":1,"featured_media":0,"parent":0,"menu_order":0,"comment_status":"closed","ping_status":"closed","template":"","meta":[],"yoast_head":"<!-- This site is optimized with the Yoast SEO plugin v20.6 - https:\/\/yoast.com\/wordpress\/plugins\/seo\/ -->\n<title>Sant\u00e9 - Apsf congo<\/title>\n<meta name=\"robots\" content=\"index, follow, max-snippet:-1, max-image-preview:large, max-video-preview:-1\" \/>\n<link rel=\"canonical\" href=\"https:\/\/apsfcongo.com\/index.php\/sante-2\/\" \/>\n<meta property=\"og:locale\" content=\"en_US\" \/>\n<meta property=\"og:type\" content=\"article\" \/>\n<meta property=\"og:title\" content=\"Sant\u00e9 - Apsf congo\" \/>\n<meta property=\"og:description\" content=\"Secteur de la sant\u00e9 Probl\u00e9matique La situation sanitaire de la R\u00e9publique du Congo est marqu\u00e9e par un niveau \u00e9lev\u00e9 de morbidit\u00e9 et de mortalit\u00e9. Le rapport de 2021 de l\u2019Organisation Mondiale de la Sant\u00e9 (OMS) estime que les probabilit\u00e9s de d\u00e9c\u00e9der avant 40 et 60 ans se situent respectivement \u00e0 33,6% et \u00e0 59,9%. Ces [&hellip;]\" \/>\n<meta property=\"og:url\" content=\"https:\/\/apsfcongo.com\/index.php\/sante-2\/\" \/>\n<meta property=\"og:site_name\" content=\"Apsf congo\" \/>\n<meta property=\"article:modified_time\" content=\"2023-11-16T17:22:14+00:00\" \/>\n<meta property=\"og:image\" content=\"https:\/\/apsfcongo.com\/wp-content\/uploads\/elementor\/thumbs\/WhatsApp-Image-2023-11-09-at-15.54.31-2-qf45korh8douo5ygaddjysh3f9ldj4j8rx9nrzr5hk.jpeg\" \/>\n<meta name=\"twitter:card\" content=\"summary_large_image\" \/>\n<meta name=\"twitter:label1\" content=\"Est. reading time\" \/>\n\t<meta name=\"twitter:data1\" content=\"2 minutes\" \/>\n<script type=\"application\/ld+json\" class=\"yoast-schema-graph\">{\"@context\":\"https:\/\/schema.org\",\"@graph\":[{\"@type\":\"WebPage\",\"@id\":\"https:\/\/apsfcongo.com\/index.php\/sante-2\/\",\"url\":\"https:\/\/apsfcongo.com\/index.php\/sante-2\/\",\"name\":\"Sant\u00e9 - Apsf congo\",\"isPartOf\":{\"@id\":\"https:\/\/apsfcongo.com\/#website\"},\"datePublished\":\"2023-11-16T17:06:24+00:00\",\"dateModified\":\"2023-11-16T17:22:14+00:00\",\"breadcrumb\":{\"@id\":\"https:\/\/apsfcongo.com\/index.php\/sante-2\/#breadcrumb\"},\"inLanguage\":\"en-US\",\"potentialAction\":[{\"@type\":\"ReadAction\",\"target\":[\"https:\/\/apsfcongo.com\/index.php\/sante-2\/\"]}]},{\"@type\":\"BreadcrumbList\",\"@id\":\"https:\/\/apsfcongo.com\/index.php\/sante-2\/#breadcrumb\",\"itemListElement\":[{\"@type\":\"ListItem\",\"position\":1,\"name\":\"Accueil\",\"item\":\"https:\/\/apsfcongo.com\/\"},{\"@type\":\"ListItem\",\"position\":2,\"name\":\"Sant\u00e9\"}]},{\"@type\":\"WebSite\",\"@id\":\"https:\/\/apsfcongo.com\/#website\",\"url\":\"https:\/\/apsfcongo.com\/\",\"name\":\"Apsf congo\",\"description\":\"\",\"publisher\":{\"@id\":\"https:\/\/apsfcongo.com\/#organization\"},\"potentialAction\":[{\"@type\":\"SearchAction\",\"target\":{\"@type\":\"EntryPoint\",\"urlTemplate\":\"https:\/\/apsfcongo.com\/?s={search_term_string}\"},\"query-input\":\"required name=search_term_string\"}],\"inLanguage\":\"en-US\"},{\"@type\":\"Organization\",\"@id\":\"https:\/\/apsfcongo.com\/#organization\",\"name\":\"Apsf congo\",\"url\":\"https:\/\/apsfcongo.com\/\",\"logo\":{\"@type\":\"ImageObject\",\"inLanguage\":\"en-US\",\"@id\":\"https:\/\/apsfcongo.com\/#\/schema\/logo\/image\/\",\"url\":\"https:\/\/apsfcongo.com\/wp-content\/uploads\/2023\/05\/cropped-APSF_Logo_Full.png\",\"contentUrl\":\"https:\/\/apsfcongo.com\/wp-content\/uploads\/2023\/05\/cropped-APSF_Logo_Full.png\",\"width\":1000,\"height\":1000,\"caption\":\"Apsf congo\"},\"image\":{\"@id\":\"https:\/\/apsfcongo.com\/#\/schema\/logo\/image\/\"}}]}<\/script>\n<!-- \/ Yoast SEO plugin. -->","yoast_head_json":{"title":"Sant\u00e9 - Apsf congo","robots":{"index":"index","follow":"follow","max-snippet":"max-snippet:-1","max-image-preview":"max-image-preview:large","max-video-preview":"max-video-preview:-1"},"canonical":"https:\/\/apsfcongo.com\/index.php\/sante-2\/","og_locale":"en_US","og_type":"article","og_title":"Sant\u00e9 - Apsf congo","og_description":"Secteur de la sant\u00e9 Probl\u00e9matique La situation sanitaire de la R\u00e9publique du Congo est marqu\u00e9e par un niveau \u00e9lev\u00e9 de morbidit\u00e9 et de mortalit\u00e9. Le rapport de 2021 de l\u2019Organisation Mondiale de la Sant\u00e9 (OMS) estime que les probabilit\u00e9s de d\u00e9c\u00e9der avant 40 et 60 ans se situent respectivement \u00e0 33,6% et \u00e0 59,9%. Ces [&hellip;]","og_url":"https:\/\/apsfcongo.com\/index.php\/sante-2\/","og_site_name":"Apsf congo","article_modified_time":"2023-11-16T17:22:14+00:00","og_image":[{"url":"https:\/\/apsfcongo.com\/wp-content\/uploads\/elementor\/thumbs\/WhatsApp-Image-2023-11-09-at-15.54.31-2-qf45korh8douo5ygaddjysh3f9ldj4j8rx9nrzr5hk.jpeg"}],"twitter_card":"summary_large_image","twitter_misc":{"Est. reading time":"2 minutes"},"schema":{"@context":"https:\/\/schema.org","@graph":[{"@type":"WebPage","@id":"https:\/\/apsfcongo.com\/index.php\/sante-2\/","url":"https:\/\/apsfcongo.com\/index.php\/sante-2\/","name":"Sant\u00e9 - Apsf congo","isPartOf":{"@id":"https:\/\/apsfcongo.com\/#website"},"datePublished":"2023-11-16T17:06:24+00:00","dateModified":"2023-11-16T17:22:14+00:00","breadcrumb":{"@id":"https:\/\/apsfcongo.com\/index.php\/sante-2\/#breadcrumb"},"inLanguage":"en-US","potentialAction":[{"@type":"ReadAction","target":["https:\/\/apsfcongo.com\/index.php\/sante-2\/"]}]},{"@type":"BreadcrumbList","@id":"https:\/\/apsfcongo.com\/index.php\/sante-2\/#breadcrumb","itemListElement":[{"@type":"ListItem","position":1,"name":"Accueil","item":"https:\/\/apsfcongo.com\/"},{"@type":"ListItem","position":2,"name":"Sant\u00e9"}]},{"@type":"WebSite","@id":"https:\/\/apsfcongo.com\/#website","url":"https:\/\/apsfcongo.com\/","name":"Apsf congo","description":"","publisher":{"@id":"https:\/\/apsfcongo.com\/#organization"},"potentialAction":[{"@type":"SearchAction","target":{"@type":"EntryPoint","urlTemplate":"https:\/\/apsfcongo.com\/?s={search_term_string}"},"query-input":"required name=search_term_string"}],"inLanguage":"en-US"},{"@type":"Organization","@id":"https:\/\/apsfcongo.com\/#organization","name":"Apsf congo","url":"https:\/\/apsfcongo.com\/","logo":{"@type":"ImageObject","inLanguage":"en-US","@id":"https:\/\/apsfcongo.com\/#\/schema\/logo\/image\/","url":"https:\/\/apsfcongo.com\/wp-content\/uploads\/2023\/05\/cropped-APSF_Logo_Full.png","contentUrl":"https:\/\/apsfcongo.com\/wp-content\/uploads\/2023\/05\/cropped-APSF_Logo_Full.png","width":1000,"height":1000,"caption":"Apsf congo"},"image":{"@id":"https:\/\/apsfcongo.com\/#\/schema\/logo\/image\/"}}]}},"_links":{"self":[{"href":"https:\/\/apsfcongo.com\/index.php\/wp-json\/wp\/v2\/pages\/1164"}],"collection":[{"href":"https:\/\/apsfcongo.com\/index.php\/wp-json\/wp\/v2\/pages"}],"about":[{"href":"https:\/\/apsfcongo.com\/index.php\/wp-json\/wp\/v2\/types\/page"}],"author":[{"embeddable":true,"href":"https:\/\/apsfcongo.com\/index.php\/wp-json\/wp\/v2\/users\/1"}],"replies":[{"embeddable":true,"href":"https:\/\/apsfcongo.com\/index.php\/wp-json\/wp\/v2\/comments?post=1164"}],"version-history":[{"count":17,"href":"https:\/\/apsfcongo.com\/index.php\/wp-json\/wp\/v2\/pages\/1164\/revisions"}],"predecessor-version":[{"id":1187,"href":"https:\/\/apsfcongo.com\/index.php\/wp-json\/wp\/v2\/pages\/1164\/revisions\/1187"}],"wp:attachment":[{"href":"https:\/\/apsfcongo.com\/index.php\/wp-json\/wp\/v2\/media?parent=1164"}],"curies":[{"name":"wp","href":"https:\/\/api.w.org\/{rel}","templated":true}]}}